 13, what is -13ac4 - a56?
-1484a
In base 13, what is -959 + 1bb9?
1260
In base 14, what is -17a - 5a88?
-5c24
In base 8, what is -1250472 - -733?
-1247537
In base 2, what is -1 - 10110011100100100?
-10110011100100101
In base 15, what is -2 - -2977de9?
2977de7
In base 5, what is -10 - -434130334?
434130324
In base 7, what is -11 - -24031445?
24031434
In base 2, what is -11000000101 - -10000100101?
-111100000
In base 5, what is 31402 + 1131131?
1213033
In base 14, what is 41983c + d?
41984b
In base 11, what is -33689 + -25?
-33703
In base 5, what is -2 - -4424143421?
4424143414
In base 9, what is -2817 + -52588?
-55516
In base 2, what is 1000 - -110101101010111000010101?
110101101010111000011101
In base 2, what is -10001100001011011000011000 + 10?
-10001100001011011000010110
In base 16, what is -1eabd - -1724?
-1d399
In base 12, what is 1 + b10b36?
b10b37
In base 12, what is 48a0a - -5089?
51a97
In base 14, what is 719 + -2b0a?
-23d1
In base 9, what is -207157 - 32?
-207200
In base 15, what is -169ed5 - 2?
-169ed7
In base 2, what is -101 + -10011100011010101?
-10011100011011010
In base 4, what is -22112120 + 303212?
-21202302
In base 2, what is -10111010001010011011111000 - -1?
-10111010001010011011110111
In base 13, what is 48 - -55b4a4?
55b51c
In base 9, what is -4 + 2412642?
2412637
In base 7, what is -1624461 + 24?
-1624434
In base 9, what is -13816374 + -4?
-13816378
In base 13, what is -29bb - 222a?
-4c18
In base 12, what is -1128 + -23b0?
-3518
In base 11, what is 65a05 + 207?
66111
In base 12, what is 3 + -9293831a?
-92938317
In base 7, what is 21526 - 22245?
-416
In base 4, what is -131031 - -232323323?
232132232
In base 7, what is -2325152265 + 6?
-2325152256
In base 16, what is 2 - -3027?
3029
In base 10, what is -8808 - 767?
-9575
In base 12, what is -995b198a - 3?
-995b1991
In base 6, what is -52 - -11025520?
11025424
In base 7, what is 1423344116 + -4?
1423344112
In base 14, what is -2 + -774cad?
-774cb1
In base 3, what is -11112020200002 + -111?
-11112020200120
In base 9, what is 5177 - 1384?
3683
In base 13, what is -44c10c - -16?
-44c0c6
In base 5, what is -12240311122 + 3?
-12240311114
In base 5, what is -240 - -413?
123
In base 14, what is -1 - -2bdd0a?
2bdd09
In base 15, what is -b6 - -139e?
12d8
In base 2, what is 1101001011111011111101100 + 0?
1101001011111011111101100
In base 12, what is -47789 + -4?
-47791
In base 12, what is 19954a4 - 2?
19954a2
In base 5, what is 302044233244 + -3?
302044233241
In base 9, what is -105258706 - -2?
-105258704
In base 6, what is -4 - -1245125115?
1245125111
In base 15, what is -1ab4 - a82?
-2646
In base 3, what is -10 - 10121022111212?
-10121022111222
In base 3, what is -201011 - 221111022122?
-221112000210
In base 6, what is -1 - -531313313?
531313312
In base 4, what is 12323112231211 + 0?
12323112231211
In base 16, what is -6d2 - 1e2ff?
-1e9d1
In base 15, what is a6e445 + -6?
a6e43e
In base 9, what is 141808322 + -2?
141808320
In base 5, what is -303130 - -133203?
-114422
In base 12, what is -3 - 320871?
-320874
In base 5, what is 3 + 114021110141?
114021110144
In base 9, what is 307 + 1450401?
1450708
In base 15, what is -5 + -2c0e2c?
-2c0e32
In base 8, what is 5132166 - 50?
5132116
In base 5, what is -2020133021 - -12?
-2020133004
In base 10, what is -6 - 73599692?
-73599698
In base 6, what is -114 + -5130321?
-5130435
In base 15, what is -5 + -22cae?
-22cb4
In base 13, what is -7010a + 43a?
-6c9a0
In base 6, what is 2555 - 1431532?
-1424533
In base 11, what is 46302557 - 1?
46302556
In base 7, what is 32405 - 545?
31530
In base 3, what is 11202102100 + -11100112?
11121001211
In base 12, what is 10 + a007?
a017
In base 8, what is -50316 + -747?
-51265
In base 7, what is 152243 + 16?
152262
In base 6, what is 2033420 - -2502?
2040322
In base 7, what is -15566 + 1052416?
1033520
In base 10, what is 4 - 10538130?
-10538126
In base 6, what is -22215102 - -11?
-22215051
In base 12, what is -120579 + a?
-12056b
In base 8, what is -4 + -157710763?
-157710767
In base 3, what is -2221122102 - 102000201?
-10100200010
In base 14, what is 13 - -92cc8a?
92cc9d
In base 3, what is 2 - 110120201001110222?
-110120201001110220
In base 12, what is 174082 - -26?
1740a8
In base 10, what is -68144375 + 0?
-68144375
In base 12, what is 107009 + -4?
107005
In base 11, what is -4 + 6a78a4?
6a78a0
In base 5, what is 14421434433 + 4?
14421434442
In base 12, what is -18784283 + -3?
-18784286
In base 2, what is 10010101101000000 - -10100000?
10010101111100000
In base 16, what is 740 + -c8?
678
In base 4, what is -2 - 123022130330?
-123022130332
In base 12, what is 23767 + -90a?
22a59
In base 9, what is -356301 - 5140?
-362441
In base 11, what is -5 - 131a486?
-131a490
In base 11, what is 275 - a081?
-9907
In base 2, what is -1111 + 101101100101001?
101101100011010
In base 4, what is 10 + 13210030000?
13210030010
In base 9, what is 523457 + 0?
523457
In base 2, what is -110110011000010111101100110 + 101?
-110110011000010111101100001
In base 6, what is -54302 - 44301?
-143003
In base 3, what is 100100 - -202210111?
210010211
In base 2, what is 1001001110011001 + -1000000110110?
1000001101100011
In base 9, what is -8 - -1433758?
1433750
In base 8, what is 3034 - 14771?
-11735
In base 2, what is -10110110111010111110011 + -1001?
-10110110111010111111100
In base 8, what is -17424024 - 1?
-17424025
In base 10, what is -39842384 - 13?
-39842397
In base 2, what is -110 + 11011011101001100111?
11011011101001100001
In base 16, what is 76 - -10d36b?
10d3e1
In base 12, what is 0 - 15613a?
-15613a
In base 14, what is -5 + -17050bc?
-17050c3
In base 12, what is 6 - 5746274?
-574626a
In base 13, what is 167 - 54622?
-54488
In base 14, what is c3d34b + -4?
c3d347
In base 16, what is 653c - -14cb?
7a07
In base 10, what is 30268 + -6911?
23357
In base 13, what is -704a11 - 5?
-704a16
In base 7, what is -4106162 - 4?
-4106166
In base 13, what is -1b - 3525b89?
-3525ba7
In base 4, what is -223213222 + -11?
-223213233
In base 9, what is 17265 - 44020?
-25644
In base 9, what is -407 + -788185?
-788603
In base 5, what is -20231013 + 20042?
-20210421
In base 9, what is -151373 + -52?
-151435
In base 14, what is 4bd6 + -199?
4a3b
In base 10, what is -533806237 - 5?
-533806242
In base 4, what is -113113 - 223301?
-1003020
In base 10, what is -2 + -6583060?
-6583062
In base 13, what is -b650c6 + 4?
-b650c2
In base 8, what is 105 - -1756273?
1756400
In base 14, what is 1 + -16c6715b?
-16c6715a
In base 3, what is 221111 - 21111011002?
-21110012121
In base 16, what is -fa5 + 37da?
2835
In base 14, what is -39a18869 - 3?
-39a1886c
In base 2, what is -1101011110000 + 11011?
-1101011010101
In base 3, what is 10121 + 10022122002?
10022202200
In base 3, what is 211 + -10101102222202?
-10101102221221
In base 8, what is 4 + -137564415?
-137564411
In base 3, what is 1 + 102212122122002?
102212122122010
In base 9, what is -13141714 - -3?
-13141711
In base 2, what is -10011110 + 100001101110100011100?
100001101110001111110
In base 3, what is -10120112202110221 + -12?
-10120112202111010
In base 6, what is 14 + 4211304?
4211322
In base 12, what is -6a6639 - 3?
-6a6640
In base 3, what is -11020222222 + 102222?
-11020120000
In base 7, what is -25440332 + -335?
-25441000
In base 16, what is -29e - -1eaa?
1c0c
In base 11, what is 9981500 - -3?
9981503
In base 5, what is -110113141 + -34?
-110113230
In base 9, what is 3 - 104705442?
-104705438
In base 10, what is 5 - -151783489?
151783494
In base 12, what is 9 - 636563?
-636556
In base 13, what is -a + -1476b765?
-1476b772
In base 15, what is c + 22308c?
223099
In base 8, what is -615 + 40016?
37201
In base 15, what is -723 - 79bb?
-81de
In base 6, what is 21000034430 - 2?
21000034424
In base 13, what is -81 + -580423?
-5804a4
In base 12, what is -7 - -2335a12?
2335a07
In base 9, what is -1 - 520607583?
-520607584
In base 11, what is 6665 + -201a?
4646
In base 15, what is 6 + -77294db?
-77294d5
In base 16, what is 1491 - -93e?
1dcf
In base 4, what is -1133223232202 + 20?
-1133223232122
In base 14, what is 1186 - 3756?
-25b0
In base 5, what is -434144 - 244043?
-1233242
In base 5, what is -204 + -1223331431?
-1223332140
In base 13, what is -6 + 19873a9?
19873a3
In base 13, what is -24a + -22a8?
-2525
In b